y = 38 - 44. Let i(w) = -4*w**2 + 15*w - 11. Let u(f) = y*i(f) + 5*b(f). What is the tens digit of u(-11)?
5
Suppose 188595 = 12*z - z - 55374. What is the hundreds digit of z?
1
Let w = -73 + 32. Let k be (-5 + w)*(-17)/2. Let z = -279 + k. What is the units digit of z?
2
Suppose 2*w = 5*s - 24, -4*s - 4*w + 36 = -0*s. Let t = s + -6. Suppose p + 4*h - 27 = -1, t = 4*p + 5*h - 126. What is the tens digit of p?
3
Let v be (0 - -1) + 0 + 1/(-1). Suppose v = -3*o + 4*o - 24. What is the units digit of o?
4
Suppose -15*m = -33*m + 20106. Let z = m + -131. What is the tens digit of z?
8
Suppose -2824*r + 2845*r - 1482873 = 0. What is the units digit of r?
3
Let k = -27475 + 77173. What is the units digit of k?
8
Suppose 6657*s - 6672*s + 635235 = 0. What is the tens digit of s?
4
Suppose 7*j - 6*j = 5. Let b be 0 + (-2)/j - 22/(-5). Suppose -2*h = 5*w - b*w - 158, 4*w - 2*h - 582 = 0. What is the units digit of w?
8
Let a = 883 - -17172. What is the thousands digit of a?
8
Let t(q) = 154*q + 273. Let m be t(8). Let r = -573 + m. What is the hundreds digit of r?
9
Let v be 12*(4/(-8))/(-1). Suppose i = v*i + 3*q - 25, 7 = -i - 3*q. Suppose -i*j = -13*j + 305. What is the units digit of j?
1
Let v(j) = 1202*j + 98. What is the thousands digit of v(5)?
6
Suppose -47 = -m - 47, 2*m + 8414 = z. What is the tens digit of z?
1
Let g be 13/((3 + -1)/4). Suppose -27*q + g*q = -35. Let c = 68 - q. What is the units digit of c?
3
What is the ten thousands digit of ((-217096)/16)/(14/(-28))?
2
Suppose b + 3*q + 2 = 4*q, -q = -4*b - 5. Let x be 0 - 2 - (b + 1 + -5). What is the units digit of (0 - -275) + (-3)/x?
4
Let m be 904 - (28/(-7) - -5). Let h = -477 + m. What is the tens digit of h?
2
Let p be 6/24 - (-110)/8. Suppose 15*s = p*s - 9. Let n = s + 12. What is the units digit of n?
3
Let y = 6 + 1036. Suppose -4*i + 474 + y = 0. What is the tens digit of i?
7
Let u be ((-95)/3)/((-3)/9). Let n = u + 477. What is the tens digit of n?
7
Suppose 0 = -10*b + 9*b + 3. What is the tens digit of 4 - (-4 - -3) - (b - 179)?
8
Let g be -5*(-84)/(-90)*(-3)/(-1). Let j(q) = q - 3. Let h be j(5). Let w = h - g. What is the units digit of w?
6
Suppose 3 = g - x + 1, -12 = -4*g + 3*x. Let c(q) = 0 + 0 - 2 - 19*q - g. What is the units digit of c(-5)?
7
Suppose 0*j - 2 = 2*j, -3*d + 1074 = 3*j. Suppose 2*h - 1033 + d = 0. What is the tens digit of h?
3
Suppose -15*p + 11*p + 3088 = 0. Suppose -14*r + p + 9182 = 0. What is the hundreds digit of r?
7
Suppose 2*s - 24 = 2*i, s - 40*i = -37*i. Suppose -3*m + 5*m = c - 12, 3*c - 4*m = 34. Suppose 4*n - c = s. What is the units digit of n?
7
Suppose 4*v - 4*k - 57 = -5, k = -2*v + 17. Let u(x) be the third derivative of 7*x**4/24 + 5*x**3/6 - 3*x**2. What is the tens digit of u(v)?
7
Let y(d) = -4996*d + 1218. What is the tens digit of y(-8)?
8
Let u(w) = -3*w**2 - 17*w. Let a be u(-5). Let n(f) = f**2 - 10*f + 6. Let t be n(a). Suppose -11*x = -t*x - 470. What is the units digit of x?
4
Let w(t) = 127*t + 1897. What is the units digit of w(56)?
9
Let r = -13 - -55. Let a = r + -39. Suppose 2*l = a*l - 6. What is the units digit of l?
6
Let j(s) = 8*s - 6*s + 54 + 0*s - 13. Let o be j(-14). Suppose o*w - 456 = 9*w. What is the units digit of w?
4
What is the hundreds digit of 8940 + (2*2 - (-180)/36)?
9
Suppose 2341*w = 2342*w - 8, -w - 118519 = -3*t. What is the hundreds digit of t?
5
Let a = -4721 + 7498. What is the tens digit of a?
7
What is the thousands digit of -7 - -8331*(-3 - -4)?
8
Suppose 2*x - 6*x + 4*u = 4, -3*u + 15 = 3*x. Let w(f) = 3*f**2 - 8*f - 2. Let d be w(x). Let k = 25 - d. What is the tens digit of k?
3
Let v be (62 - (-3 + 1))*(-110)/(-20). Suppose 19*p - 19922 = -v. What is the units digit of p?
0
Let g(i) = 4*i + 4*i - 14 - 3. Let p be g(9). Let l = 3 + p. What is the tens digit of l?
5
Suppose 17*a = -33007 + 453637 + 53347. What is the ten thousands digit of a?
2
Let c(d) = 2*d - 2. Let h be c(4). Let g be (0 + 3)/6*h. Suppose g*a = a + 108. What is the tens digit of a?
5
Let f(u) = -u**2 - 10*u + 24. Let d be f(-14). Let j = d + 52. What is the tens digit of (6 + (-504)/j)/(6/(-40))?
2
Suppose 4*k - 5*v = -0*v + 34513, 3*k - 4*v = 25885. What is the thousands digit of k?
8
Let p = -2352 + 4374. What is the thousands digit of p?
2
Let q be (9/(-4))/(51/(-68)). Suppose -1098 = -5*l - q*o + 2758, 3*l + o = 2316. What is the tens digit of l?
7
Let t(i) = -i**3 + 68*i**2 - i + 252. What is the units digit of t(67)?
4
Let v(u) be the third derivative of -5*u**6/3 - u**5/30 - u**4/6 - u**3/3 + 38*u**2. What is the tens digit of v(-1)?
0
Let t(y) = 2274*y**2 + 26*y - 3. What is the units digit of t(1)?
7
Let w = -3746 - -8643. What is the units digit of w?
7
Let k(m) = 13*m**2 - 235*m - 12. What is the hundreds digit of k(-14)?
8
Suppose -18*w - 2*j = -14*w - 238570, -2*w = 4*j - 119282. What is the thousands digit of w?
9
Let i(m) be the second derivative of m**6/120 + m**4/12 - m**3/3 + 13*m**2 + 16*m. Let l(k) be the first derivative of i(k). What is the hundreds digit of l(5)?
1
Let d(m) = -36*m**3 + m**2 - m + 3. Let z be d(-4). Suppose 3*n - z = -407. What is the units digit of n?
0
Let a be (7 + -1 - 8) + 306. Suppose 0 = -d - 2*p + 81 + a, -p + 1575 = 4*d. What is the units digit of d?
5
Let n = -46 - -50. Let m be (10 - -2) + 12/n. Suppose -10*h - 460 = -m*h. What is the units digit of h?
2
Suppose 156*t - 247*t = 223*t - 11542954. What is the hundreds digit of t?
7
Let z = 16815 + -4930. What is the units digit of z?
5
Let w = 53214 - 7401. What is the ten thousands digit of w?
4
Suppose 81 = 13*j - 10*j. Let x = j + -19. Let h(f) = f + 6. What is the units digit of h(x)?
4
Let d = 975 - 689. Let n be 2/(-10)*-6*(-300)/(-90). Suppose 6*b - d = n*b. What is the tens digit of b?
4
Suppose 14*u = 5 + 37. What is the units digit of (-3 + u + -160)/(-1)?
0
Suppose -31*i + 166482 = 2*i - 100653. What is the tens digit of i?
9
Let s be (-21)/(-3) + -4 - (-58)/2. Let f be (-8)/3 + s/(-24). What is the units digit of 279*(f/3)/(-4)?
3
Suppose 0 = -2*o + 2*q + 4, 4*q = -5*o - 26 + 9. Let z(r) = -139*r. Let d be z(o). Suppose d = 5*c - 6. What is the tens digit of c?
2
Let k = -11032 - -24992. What is the hundreds digit of k?
9
Let i(r) = 5*r**2 + 55*r - 294. What is the tens digit of i(29)?
0
Suppose 5*u = 3*i - 16321, -2*i - 5*u + 5447 = -i. Suppose 2577 = 11*s - i. What is the units digit of s?
9
Let m be 9/3 - 4 - -1 - 2. Let d(l) = 492*l + 13. Let p be d(m). What is the units digit of ((-8)/28 + p/7)*-1?
9
Suppose 99966 - 3418 = 29*b - 133741. What is the units digit of b?
1
Suppose 7*b = 8446 + 5974. What is the units digit of b?
0
Let p = -48 + 62. Suppose 0 = d - p*d + 2938. What is the units digit of d?
6
Let r = 75269 - -10036. What is the units digit of r?
5
Suppose 15337 + 3167 = s. What is the hundreds digit of s?
5
Let g = -23 + 26. Suppose g*f - 5 = 10. Suppose 6*r - f*r = 130. What is the tens digit of r?
3
Suppose 4*a - 31 = 3*r, -5*r - 5*a - 2 = 108. Suppose -2604 = 405*w - 204*w - 222*w. Let z = w - r. What is the tens digit of z?
4
Let w = 8276 + -6978. What is the thousands digit of w?
1
Let u(r) = r**3 - 21*r**2 - 58*r - 17. Let k be (-51 + (2 - -1))*1/(-2). What is the tens digit of u(k)?
1
Let p = -4477 + 8709. Suppose 4*i - 4*t = 3360, -8*i = -13*i - 3*t + p. What is the hundreds digit of i?
8
Let n(x) = -x**2 - 10*x + 1. Let r be n(-3). Let d = r - -213. Suppose j + d = -u + 3*u, 2*u - 5*j = 223. What is the hundreds digit of u?
1
Let m be 3*(-44)/12*-1. Let o = m + -17. What is the units digit of (-7 - -10)/(o/(-82))?
1
Let h be (-2 + 62)/(18/12). Suppose 5 - h = -5*p. Suppose 115 = 8*r - p*r. What is the tens digit of r?
1
What is the units digit of ((-42)/(-567)*-9)/(4/(-129198))?
3
Let b = -77998 - -139623. What is the tens digit of b?
2
Let a = 222 - 200. What is the hundreds digit of 9214/a + (-8)/(-44)?
4
Let p = -1059 - -2669. What is the hundreds digit of p?
6
What is the units digit of ((3/15)/(-1) + 304/(-380))*-5923?
3
Suppose s - 1 = 3. Suppose s = 11*a - 7*a. What is the tens digit of a*(8/(-4) + 48)?
4
Let q(a) = a - 10. Let k be q(28). Suppose -k*b = -24*b - 48. Let o(y) = 2*y**2 + 7*y. What is the units digit of o(b)?
2
What is the units digit of 19556*1 - (-